5
What is the value of (-4 - 41) + 20 + 16?
-9
What is the value of (280 - 278) + -4 + 0?
-2
Evaluate 5 + -5 - (17 + -10).
-7
Calculate (-276 - -273) + 7 + (2 - 2).
4
What is the value of 33 - (36 + 3) - -7?
1
What is (-3 + -2 - (5 + -6)) + 13 + -8?
1
Calculate 226 + -218 - (25 + (0 - 2)).
-15
Calculate 28 - (-2 - (-9 + -8 + 8)).
21
What is (11 - 28 - -9) + 13?
5
Calculate -5 + (-6 - -8) + -9 + 1 - 4.
-15
Evaluate 8 + -51 + -4 - -81.
34
Evaluate 2 + 4 + -1 + -9.
-4
Calculate -2 + 2 + 6 + -10 + (-204 - -239).
31
What is the value of (320 - 293) + 8 + -2 + 2 - 1?
34
Evaluate -18 + -1 - (0 + -4 - 4).
-11
What is the value of (16 - (0 - -14) - (12 + 1)) + 7?
-4
What is the value of 6 + (1 + -9 - (3 - -2))?
-7
47 - (29 + 16) - (1 + -1)
2
Calculate 0 + -25 - (59 + 51 + -106).
-29
Calculate (-1 - -11) + (1 - 5) + 5 + 5.
16
Calculate 2 + -1 + -16 + -65 + 69.
-11
What is -2 + (-4 - -17) + 3 + -20?
-6
Calculate 12 + (5 - 2) + -67 + 58.
6
Evaluate (-12 - 1) + (0 - (10 - 13)).
-10
Evaluate -3 - -3 - 19 - (-57 + 47).
-9
Calculate (98 - 68) + (1 - -4 - 2) + -8.
25
Calculate 6 + -3 + (-3 - (-6 + -10 + 8)).
8
-30 - (34 + (-46 - -4))
-22
Evaluate 11 - (-6 + (3 - (0 + -3) - 3)).
14
15 - ((13 - 16) + 15)
3
What is the value of 10 + 13 + (-5 - 18) + 0?
0
Evaluate 33 - (3 - (-236 + 232 - (0 - 6))).
32
Evaluate 10 + (-2 - -3) + (-11 - (34 - 40)).
6
Evaluate (4 - 2) + -2 + 2211 + -2188.
23
What is the value of -11 + 0 + 1 + -32 + 30?
-12
Evaluate 23 + 32 + (-32 - 28).
-5
Calculate 0 - ((12 - 4) + 3 + -14 + -6).
9
Calculate 12 - 14 - 3 - -15.
10
What is the value of (-2 - (9 - 4)) + 13 + (-3 - 0)?
3
Evaluate -9 + (1 - (-43 - -26)).
9
What is 7 - (-35 + -7 + 26)?
23
What is the value of -7 - (-5 + 7 + 3 + (3 - 11))?
-4
(-1 - 1) + (22 - (16 + 19))
-15
What is -4 - -13 - (53 + -62)?
18
Evaluate -80 - -75 - (-14 - 1).
10
Evaluate (14 + -10 - 13) + 9.
0
-1 + -1 + -10 - (20 - 4)
-28
Calculate 650 - 633 - (-10 + 2).
25
What is -23 + -9 + 10 - -34?
12
Evaluate (16 - 28) + -9 - -7 - 0.
-14
Calculate -4 + 9 + (13 - 28) - (-3 - 2).
-5
What is the value of (-4 - ((4 - -1) + -3)) + 24 - 6?
12
31 - (-2 - -2) - (209 - 196)
18
Evaluate -1 + -3 + -7 + 10 + 16.
15
Evaluate 15 - (12 + -10) - (-6 - 1).
20
What is 21 + (-40 - -18) + 0?
-1
Calculate -46 + -9 + 32 + -4.
-27
What is -11 - (14 - 42 - -11)?
6
79 - 76 - (2 + 2 - -1)
-2
What is the value of (-196 - -207) + (-12 - -3)?
2
Calculate -188 + 187 + (1 - (1 + -9)).
8
Calculate 4 - (-1 - 1) - ((-14 - -18) + -14).
16
Calculate 1 + -10 - (-42 - -36) - (6 + 1).
-10
Calculate -21 + -21 + 17 - (-7 + 3).
-21
What is the value of 26 - (9 + 24 + -19)?
12
424 - 401 - (20 - 1)
4
Calculate -12 - (20 + -48 + 39).
-23
What is the value of (-3 - 14 - 23) + 64?
24
Calculate -5 + (-2 - (19 + -25)) + 10.
9
Calculate -2 - ((5 - (13 + 1)) + 6).
1
Calculate 20 + 13 + -22 + 7 - -10.
28
-8 + (5 + (8 - 5) - -6)
6
Evaluate 6 + 6 - (-5 - (-6 - 3 - -9)).
17
Calculate -1 + 9 + (17 - 18).
7
Calculate -2 + 1 + 5 - 1 - (-19 - -9).
13
Calculate -30 + (-6 - (7 + -14)) + 8 + -1.
-22
What is 1 - -11 - (-139 - -141)?
10
(-3 - (-3 + -2) - -18) + (4 - -1)
25
What is the value of (-11 - 3) + (-31 - -33) - 10?
-22
Calculate -8 + 9 + 4 + 5.
10
What is 26 + (17 - 9 - (-10 - -20))?
24
What is (7 + 3 + -5 - 11) + (4 - -2)?
0
Evaluate -356 + 356 - (-1 - -12).
-11
-2 + -4 + -2 + 6 - 3
-5
18 + (-22 - -8) + 5 + 0
9
Calculate (-6 - -3 - -31) + -37.
-9
Evaluate -15 + (5 - -6) + -2.
-6
What is (-10 - -3 - 4) + 19 + 9?
17
What is 6 - ((-5 - (2 - 1)) + 229 + -210)?
-7
Calculate (8 - (7 - 5)) + -1 + 2 - 9.
-2
19 + (5 + -5 - 10) + 6
15
Evaluate -15 - (6 - (2 + -12) - 18).
-13
What is the value of 29 + (19 + -19 - 45)?
-16
-3 - (9 + (-12 - -3) - 6)
3
Calculate 7 + (-14 - -9) + (-3 - -3) + 7.
9
Calculate 16 - (-3 + 1 - (-8 + 2 + 3)).
15
(-1 - (-7 - -11)) + 17
12
12 + -2 + (-27 - -47)
30
What is -25 - -19 - 0 - 3?
-9
-6 + -8 + 3 + (11 - -1) + -7
-6
What is 10 + -9 + -4 + 5 - 24?
-22
Calculate 6 + (-25 - -8) + -2 + -4 + 9.
-8
What is 13 - ((-3 - -3) + -10 - (21 - 29))?
15
Calculate -2 - 6 - (-96 + 61).
27
Evaluate 10 - (-45 + 29 + 21 + 6).
-1
-11 + 22 + 0 + -2 - 1
8
13 + 18 + -28 - -13
16
What is -266 + 280 + (0 - 22)?
-8
What is 1 - 2 - 6 - (-14 - -17 - 28)?
18
What is -14 - (4 + 0 + -8)?
-10
Evaluate 3 - -20 - (-47 - (-7 + -26)).
37
Evaluate 24 + (5 + -51 - -39).
17
What is 10 + 3 - (15 + 3 + 0)?
-5
What is the value of 1 - (-12 - -7 - (2 - (1 + 0)))?
7
(-20 - 2) + (-20 - -28) - 9
-23
Evaluate (682 - 682) + -5 + -2 + 1 + 0.
-6
Calculate 1 + 5 - (-3 + (4 - 3) + 8).
0
Evaluate 9 - (6 + -11 - -2 - -4).
8
-2 + 1 - -8 - (89 + -68)
-14
What is the value of (15 - -1) + -347 + 330?
-1
Calculate (74 - 78) + (-4 - -1) + 19.
12
Calculate 5 - (12 + -11 + (-3 - -18)).
-11
Evaluate 6 + (-1 - -6 - -9) + -9.
11
What is 27 + -28 + 15 + -34?
-20
What is (-28 - -17) + 22 - 5?
6
13 + (-4 - 8 - -6)
7
What is the value of (20 + -17 - -32) + -31?
4
What is 1 - 47 - (176 + -199)?
-23
17 + -7 + -1 - (-3 - -18)
-6
What is 13 - (-5 + (18 - -17))?
-17
Evaluate (-2 - 1) + 10 + (-9 + 3 - -10).
11
What is the value of 25 + -47 + 4 - -9?
-9
Calculate 9 - (0 - (-1 - 0) - -3).
5
What is the value of -31 + 50 + -57 - -10?
-28
Calculate 1 + (1 - 0) + (49 - (111 - 60)).
0
Calculate 27 + 2 + (13 - 32).
10
Calculate 10 - (14 + -22 - 2 - -17).
3
Calculate -7 + (4 + -15 - (-6 + -2)).
-10
What is -5 - (7 - 11 - -9)?
-10
What is (-1 - ((-4 - -6) + 0)) + 12?
9
(-7 - -13) + (-6 - -1) + (25 - 48)
-22
Calculate -12 - (3 - (15 - 11)).
-11
What is the value of (0 - (10 + 0 + -8)) + 3 - 11?
-10
Evaluate (16 - 31 - -2) + 13.
0
Calculate (17 - (6 + -2)) + -2.
11
Calculate (7 - 22) + 27 + -2 + -23.
-13
What is 4 + 1 + (3 - (0 - -1)) - -1?
8
Evaluate -5 - (-10 + -1 + -10 + (-19 - -22)).
13
Calculate -19 + 12 + (-22 + 4 - -11).
-14
Calculate 0 + (12 + -11 - 1 - -3).
3
11 + (-23 - -21) + 4
13
Calculate 50 + -38 + (1 - 12).
1
What is -1 - ((7 - (7 + -2)) + -1)?
-2
-11 - -2 - -17 - (2 - 5) - 3
8
Calculate -59 - -13 - (-179 - -139).
-6
0 + -1 + (17 + -9 + -21 - -6)
-8
What is (-13 + -2 - -6) + -1 + -9?
-19
What is the value of 22 + -10 + 17 + -39?
-10
What is the value of 5 + 0 + 26 + -39 - (-12 - -12)?
-8
What is 0 + -3 + 6 + (25 - 31)?
-3
Calculate (-5 - ((-4 - -7) + -9 - -4)) + -7.
-10
What is (-1 - -6 - 6 - -5) + (6 - 8)?
2
What is the value of -7 + -18 + 30 - (5 + 2)?
-2
What is the value of -19 + 35 - (7 - 13)?
22
6 + (5 - (4 - (-5 + 0)) - 3)
-1
What is the value of 0 - (-1 + -2 + -2 + -5 - -4)?
6
Calculate (0 - (-13 + 3) - (-6 - -7)) + 2.
11
What is the value of (-5 - (-4 + 3)) + 7 + (1 - 4)?
0
Calculate -16 - 0 - (66 + 14 - 87).
-9
7 + 22 + -16 + 4
17
What is the value of 6 + 2 + (-12 + 21 - 4)?
13
What is 4 - (8 + -11 + -1 - (17 + -16))?
9
Evaluate 11 + -6 + 7 + 1.
13
Evaluate (-3 - -2) + 3 + 7 + -7.
2
Evaluate 295 + -273 + -23 + 2.
1
What is 0 - (25 + -7 - 9)?
-9
Calculate -20 - ((-9 - -20) + -11 + -4).
-16
Calculate 4 + -12 + -9 + 9 + 2.
-6
What is the value of 3 + (5 + -13 - (0 + 2 + -3))?
-4
Evaluate 20 - -2 - (24 - (-3 - (-6 + -15))).
16
Evaluate (3 - 9 - -6) + (-12 - (-7 - 7)).
2
Evaluate -20 - (8 - ((12 - 14) + 9)).
-21
What is -237 + 230 + -30 + 2?
-35
-10 + 0 + 6 + -6 + 15
5
What is the value of -10 + -8 + -16 + 13?
-21
Evaluate 7 - 1 - (1 + 0 + (-4 - 4)).
13
What is ((3 + 4 - 2) + -2 - -5) + 4?
12
What is the value of ((1 - -13) + 1 - 0) + (11762 - 11768)?
9
-10 + (60 - (-4 - -36))
18
Calculate 6 + (16 - (-21 + 15 - -2)).
26
-13 + (-5 - -8) + 5
-5
Calculate (1 - 0) + 1 + 78 + -137 + 71.
14
Calculate 0 + 29 - (142 - 132).
19
What is 3 + 1 + -12 + (14 - 4)?
2
Evaluate 62 - 54 - (3 + 1).
4
Calculate -5 + -17 + 7 + 4.
-11
What is the value of 11 + (-7 - -2 - (19 + -34))?
21
Evaluate -6 + (14 + -11 + (-13 - 1) - -6).
-11
Evaluate (110 + -52 - 54) + 1 + -1 + -5.
-1
Evaluate -5 - -5 - (2 - 12) - (20 - -4).
-14
What is the value of -3 + 2 - (7 - (5 + 19 + -4))?
12
Evaluate -6 - (-6 + (7 - (-8 + 4))).
-11
-1 - (-3 - -18 - -24 - 20)
-20
Evaluate 2 + (-1 - (0 + 9)) + -6.
-14
Calculate -5 - (-12 - (-7 + (4 - -1))) - -5.
10
What is 1 - 19 - (-366 - -356 - (0 + -13))?
-21
-8 - (2 - ((19 - 26) + -11))
-28
What is the value of (26 - 53) + -9 + 14?
-22
What is the value of (7 + -3 - 2 - (-3 + 3)) + -11?
-9
Calculate 6 - 11 - ((-12 - -7) + 21